{"id":193,"date":"2020-08-09T13:20:58","date_gmt":"2020-08-09T13:20:58","guid":{"rendered":"https:\/\/eventoswelove.es\/?page_id=193"},"modified":"2025-11-29T17:31:38","modified_gmt":"2025-11-29T17:31:38","slug":"we-love-8090-la-fiesta","status":"publish","type":"page","link":"https:\/\/eventoswelove.es\/?page_id=193","title":{"rendered":"We Love 80&#038;90 La Fiesta"},"content":{"rendered":"\t\t<div data-elementor-type=\"wp-page\" data-elementor-id=\"193\" class=\"elementor elementor-193\" data-elementor-post-type=\"page\">\n\t\t\t\t<div class=\"aux-parallax-section elementor-element elementor-element-305dbfb e-flex e-con-boxed e-con e-parent\" data-id=\"305dbfb\" data-element_type=\"container\" data-settings=\"{&quot;background_background&quot;:&quot;classic&quot;}\">\n\t\t\t\t\t<div class=\"e-con-inner\">\n\t\t<div class=\"elementor-element elementor-element-3857297 e-con-full e-flex e-con e-child\" data-id=\"3857297\" data-element_type=\"container\">\n\t\t\t\t<div class=\"elementor-element elementor-element-6c9278c aux-appear-watch-animation aux-fade-in-up elementor-widget elementor-widget-aux_breadcrumbs\" data-id=\"6c9278c\" data-element_type=\"widget\" data-widget_type=\"aux_breadcrumbs.default\">\n\t\t\t\t<div class=\"elementor-widget-container\">\n\t\t\t\t\t<div class=\"aux-elementor-breadcrumbs\"><p class=\"aux-breadcrumbs\"><span><a href=\"https:\/\/eventoswelove.es\" title=\"Home\">Home<\/a><\/span><\/div>\t\t\t\t<\/div>\n\t\t\t\t<\/div>\n\t\t\t\t<div class=\"elementor-element elementor-element-bd6490d elementor-widget elementor-widget-aux_modern_heading\" data-id=\"bd6490d\" data-element_type=\"widget\" data-widget_type=\"aux_modern_heading.default\">\n\t\t\t\t<div class=\"elementor-widget-container\">\n\t\t\t\t\t<section class=\"aux-widget-modern-heading\">\n            <div class=\"aux-widget-inner\"><h2 class=\"aux-modern-heading-primary\"><img decoding=\"async\" src=\"https:\/\/eventoswelove.es\/wp-content\/uploads\/2025\/07\/lafiesta.png\" width=\"100\" height=\"100\" alt=\"Logo la Fiesta\"> We\u202fLove\u202f90\u202f&amp;\u202f00 <\/h2><h3 class=\"aux-modern-heading-secondary\"><span class=\"aux-head-highlight\">la fiesta que revive la adolescencia<\/span><\/h3><div class=\"aux-modern-heading-divider\"><\/div><div class=\"aux-modern-heading-description\"><p style=\"text-align: left\">We\u202fLove\u202f90\u202f&amp;\u202f00 es un espect\u00e1culo musical y audiovisual que triunfa por todas las ciudades por donde pasa, ofreciendo una experiencia cargada de nostalgia para todos aquellos que vivieron las d\u00e9cadas de los 90 y 00. Combina DJ sets, bandas en directo, tributos a artistas emblem\u00e1ticos (como Mecano, OBK, La Oreja de Van Gogh, Melendi, H\u00e9roes del Silencio, Fito, El Canto del Loco, etc. ), coreograf\u00edas y efectos visuales, luminosos y envolventes<br \/>We\u202fLove\u202f90\u202f&amp;\u202f00 la fiesta que revive los mejores momentos musicales de nuestra adolescencia<br \/>We\u202fLove\u202f90\u202f&amp;\u202f00 es un espect\u00e1culo musical y audiovisual que triunfa por todas las ciudades por donde pasa, ofreciendo una experiencia cargada de nostalgia para todos aquellos que vivieron las d\u00e9cadas de los 80 ,90 y 00. Combina DJ sets, bandas en directo, tributos a artistas y grupos mas emblem\u00e1ticos.<br \/>Este formato se presenta de dos maneras:<\/p><p style=\"text-align: left\">La Fiesta , una vivencia inmersiva de varias horas con m\u00fasica, baile y proyecciones, ideal para recintos medios como auditorios municipales<\/p><p style=\"text-align: left\">La SuperFiesta , un macroevento dirigido a grandes espacios (m\u00e1s de 5\u202f000 personas), con m\u00e1s de ocho horas de diversi\u00f3n cien por cien ochentera y noventera, y la presencia de artistas consagrados del panorama nacional<\/p><\/div><\/div>\n        <\/section>\t\t\t\t<\/div>\n\t\t\t\t<\/div>\n\t\t\t\t<div class=\"elementor-element elementor-element-256b5d8 aux-appear-watch-animation aux-fade-in-up elementor-widget elementor-widget-aux_recent_news_grid\" data-id=\"256b5d8\" data-element_type=\"widget\" data-settings=\"{&quot;columns&quot;:&quot;3&quot;,&quot;columns_tablet&quot;:&quot;2&quot;,&quot;columns_mobile&quot;:&quot;1&quot;}\" data-widget_type=\"aux_recent_news_grid.default\">\n\t\t\t\t<div class=\"elementor-widget-container\">\n\t\t\t\t\t<section class=\"widget-container aux-widget-recent-news aux-parent-au202f395b\" style=\"\" ><div data-element-id=\"au202f395b\" class=\"aux-match-height aux-row aux-de-col3 aux-tb-col2 aux-mb-col1 aux-no-meta aux-ajax-view  aux--control\" ><div class=\"aux-col post-672\">\n                        <article class=\"post column-entry post-672 news type-news status-publish has-post-thumbnail hentry news-category-la-fiesta news-tag-uncategorized\">\n                                                        <div class=\"entry-media\"><div class=\"aux-media-frame aux-media-image aux-image-mask\"><a href=\"https:\/\/eventoswelove.es\/?news=granada-10-20-de-diciembre\"><img decoding=\"async\" width=\"-30\" height=\"-39\" src=\"data:image\/gif;base64,R0lGODlhAQABAIAAAAAAAP\/\/\/yH5BAEAAAAALAAAAAABAAEAAAIBRAA7\" class=\"aux-attachment aux-featured-image attachment--30x-39.9 aux-attachment-id-697  aux-preload aux-blank\" alt=\"granada-10-flyer20dic\" data-ratio=\"0.75\" data-original-w=\"500\" sizes=\"auto\" data-srcset=\"https:\/\/eventoswelove.es\/wp-content\/uploads\/2025\/10\/granada-10-flyer20dic-150x200.jpg 150w,https:\/\/eventoswelove.es\/wp-content\/uploads\/2025\/10\/granada-10-flyer20dic-300x399.jpg 300w,https:\/\/eventoswelove.es\/wp-content\/uploads\/2025\/10\/granada-10-flyer20dic.jpg -30w,https:\/\/eventoswelove.es\/wp-content\/uploads\/2025\/10\/granada-10-flyer20dic-490x651.jpg 490w\" data-src=\"https:\/\/eventoswelove.es\/wp-content\/uploads\/2025\/10\/granada-10-flyer20dic.jpg\" \/><\/a><\/div><\/div>\n                            \n                            <div class=\"entry-main\">\n                                                        \n                                <header class=\"entry-header\">\n                                \n                                    <h4 class=\"entry-title\">\n                                        <a href=\"https:\/\/eventoswelove.es\/?news=granada-10-20-de-diciembre\">\n                                            Granada 10 20 de Diciembre                                        <\/a>\n                                    <\/h4>\n                                                                    <div class=\"entry-format\">\n                                        <a href=\"https:\/\/eventoswelove.es\/?news=granada-10-20-de-diciembre\">\n                                            <div class=\"post-format format-\"> <\/div>\n                                        <\/a>\n                                    <\/div>\n                                <\/header>\n                            \n                                                        \n                            <\/div>\n\n                        <\/article>\n<\/div><\/div><\/section><!-- widget-container -->\t\t\t\t<\/div>\n\t\t\t\t<\/div>\n\t\t\t\t<div class=\"elementor-element elementor-element-c5567ef elementor-button-info elementor-align-center elementor-widget elementor-widget-button\" data-id=\"c5567ef\" data-element_type=\"widget\" data-widget_type=\"button.default\">\n\t\t\t\t<div class=\"elementor-widget-container\">\n\t\t\t\t\t\t\t\t\t<div class=\"elementor-button-wrapper\">\n\t\t\t\t\t<a class=\"elementor-button elementor-button-link elementor-size-sm\" href=\"https:\/\/eventoswelove.es\/dossier_welove_lafiesta.pdf\" target=\"_blank\" rel=\"nofollow\">\n\t\t\t\t\t\t<span class=\"elementor-button-content-wrapper\">\n\t\t\t\t\t\t<span class=\"elementor-button-icon\">\n\t\t\t\t<i aria-hidden=\"true\" class=\"fas fa-file-pdf\"><\/i>\t\t\t<\/span>\n\t\t\t\t\t\t\t\t\t<span class=\"elementor-button-text\">Descarga el Dossier con toda la Informaci\u00f3n<\/span>\n\t\t\t\t\t<\/span>\n\t\t\t\t\t<\/a>\n\t\t\t\t<\/div>\n\t\t\t\t\t\t\t\t<\/div>\n\t\t\t\t<\/div>\n\t\t<div class=\"elementor-element elementor-element-35401e3 e-con-full e-flex e-con e-child\" data-id=\"35401e3\" data-element_type=\"container\">\n\t\t<div class=\"elementor-element elementor-element-8ee562e e-grid e-con-full e-con e-child\" data-id=\"8ee562e\" data-element_type=\"container\">\n\t\t\t\t<div class=\"elementor-element elementor-element-8858ee0 elementor-widget elementor-widget-video\" data-id=\"8858ee0\" data-element_type=\"widget\" data-settings=\"{&quot;video_type&quot;:&quot;hosted&quot;,&quot;controls&quot;:&quot;yes&quot;}\" data-widget_type=\"video.default\">\n\t\t\t\t<div class=\"elementor-widget-container\">\n\t\t\t\t\t\t\t<div class=\"e-hosted-video elementor-wrapper elementor-open-inline\">\n\t\t\t\t\t<video class=\"elementor-video\" src=\"https:\/\/eventoswelove.es\/wp-content\/uploads\/2025\/11\/reel-general-welove.mp4\" controls=\"\" preload=\"metadata\" controlsList=\"nodownload\"><\/video>\n\t\t\t\t<\/div>\n\t\t\t\t\t\t<\/div>\n\t\t\t\t<\/div>\n\t\t\t\t<\/div>\n\t\t\t\t<\/div>\n\t\t\t\t<\/div>\n\t\t\t\t\t<\/div>\n\t\t\t\t<\/div>\n\t\t\t\t<\/div>\n\t\t","protected":false},"excerpt":{"rendered":"<p>Home We\u202fLove\u202f90\u202f&amp;\u202f00 la fiesta que revive la adolescencia We\u202fLove\u202f90\u202f&amp;\u202f00 es un espect\u00e1culo musical y audiovisual que triunfa por todas las ciudades por donde pasa, ofreciendo una experiencia cargada de nostalgia para todos aquellos que vivieron las d\u00e9cadas de los 90 y 00. Combina DJ sets, bandas en directo, tributos a artistas emblem\u00e1ticos (como Mecano, OBK, [&hellip;]<\/p>\n","protected":false},"author":1,"featured_media":0,"parent":0,"menu_order":0,"comment_status":"closed","ping_status":"closed","template":"templates\/page-builder-content.php","meta":{"footnotes":""},"class_list":["post-193","page","type-page","status-publish","hentry"],"_links":{"self":[{"href":"https:\/\/eventoswelove.es\/index.php?rest_route=\/wp\/v2\/pages\/193","targetHints":{"allow":["GET"]}}],"collection":[{"href":"https:\/\/eventoswelove.es\/index.php?rest_route=\/wp\/v2\/pages"}],"about":[{"href":"https:\/\/eventoswelove.es\/index.php?rest_route=\/wp\/v2\/types\/page"}],"author":[{"embeddable":true,"href":"https:\/\/eventoswelove.es\/index.php?rest_route=\/wp\/v2\/users\/1"}],"replies":[{"embeddable":true,"href":"https:\/\/eventoswelove.es\/index.php?rest_route=%2Fwp%2Fv2%2Fcomments&post=193"}],"version-history":[{"count":29,"href":"https:\/\/eventoswelove.es\/index.php?rest_route=\/wp\/v2\/pages\/193\/revisions"}],"predecessor-version":[{"id":731,"href":"https:\/\/eventoswelove.es\/index.php?rest_route=\/wp\/v2\/pages\/193\/revisions\/731"}],"wp:attachment":[{"href":"https:\/\/eventoswelove.es\/index.php?rest_route=%2Fwp%2Fv2%2Fmedia&parent=193"}],"curies":[{"name":"wp","href":"https:\/\/api.w.org\/{rel}","templated":true}]}}